{"version":"1.0","provider_name":"IMDEA Networks","provider_url":"https:\/\/networks.imdea.org\/es","author_name":"in_admin","author_url":"https:\/\/networks.imdea.org\/es\/author\/in_admin\/","title":"Primera convocatoria de becas TEAM Erasmus Mundus - IMDEA Networks","type":"rich","width":600,"height":338,"html":"<blockquote class=\"wp-embedded-content\" data-secret=\"QfJbbB36bS\"><a href=\"https:\/\/networks.imdea.org\/es\/primera-convocatoria-de-becas-team-erasmus-mundus\/\">Primera convocatoria de becas TEAM Erasmus Mundus<\/a><\/blockquote><iframe sandbox=\"allow-scripts\" security=\"restricted\" src=\"https:\/\/networks.imdea.org\/es\/primera-convocatoria-de-becas-team-erasmus-mundus\/embed\/#?secret=QfJbbB36bS\" width=\"600\" height=\"338\" title=\"\u00abPrimera convocatoria de becas TEAM Erasmus Mundus\u00bb \u2014 IMDEA Networks\" data-secret=\"QfJbbB36bS\" frameborder=\"0\" marginwidth=\"0\" marginheight=\"0\" scrolling=\"no\" class=\"wp-embedded-content\"><\/iframe><script type=\"text\/javascript\">\n\/* <![CDATA[ *\/\n\/*! This file is auto-generated *\/\n!function(d,l){\"use strict\";l.querySelector&&d.addEventListener&&\"undefined\"!=typeof URL&&(d.wp=d.wp||{},d.wp.receiveEmbedMessage||(d.wp.receiveEmbedMessage=function(e){var t=e.data;if((t||t.secret||t.message||t.value)&&!\/[^a-zA-Z0-9]\/.test(t.secret)){for(var s,r,n,a=l.querySelectorAll('iframe[data-secret=\"'+t.secret+'\"]'),o=l.querySelectorAll('blockquote[data-secret=\"'+t.secret+'\"]'),c=new RegExp(\"^https?:$\",\"i\"),i=0;i<o.length;i++)o[i].style.display=\"none\";for(i=0;i<a.length;i++)s=a[i],e.source===s.contentWindow&&(s.removeAttribute(\"style\"),\"height\"===t.message?(1e3<(r=parseInt(t.value,10))?r=1e3:~~r<200&&(r=200),s.height=r):\"link\"===t.message&&(r=new URL(s.getAttribute(\"src\")),n=new URL(t.value),c.test(n.protocol))&&n.host===r.host&&l.activeElement===s&&(d.top.location.href=t.value))}},d.addEventListener(\"message\",d.wp.receiveEmbedMessage,!1),l.addEventListener(\"DOMContentLoaded\",function(){for(var e,t,s=l.querySelectorAll(\"iframe.wp-embedded-content\"),r=0;r<s.length;r++)(t=(e=s[r]).getAttribute(\"data-secret\"))||(t=Math.random().toString(36).substring(2,12),e.src+=\"#?secret=\"+t,e.setAttribute(\"data-secret\",t)),e.contentWindow.postMessage({message:\"ready\",secret:t},\"*\")},!1)))}(window,document);\n\/\/# sourceURL=https:\/\/networks.imdea.org\/wp-includes\/js\/wp-embed.min.js\n\/* ]]> *\/\n<\/script>\n","thumbnail_url":"https:\/\/networks.imdea.org\/wp-content\/uploads\/2014\/11\/2014-11-12-news-img-160x120px.png","thumbnail_width":160,"thumbnail_height":120,"description":"La primera convocatoria de candidaturas para el Programa Erasmus Mundus \u00abTEAM\u00bb se lanz\u00f3 el 10 de noviembre de 2014. Consulta las ofertas acad\u00e9micas y las instrucciones sobre presentaci\u00f3n de solicitudes en el sitio web de TEAM. IMDEA Networks participa en el Programa Erasmus Mundus \u00abTEAM\u00bb. Esta iniciativa pretende generar una red de excelencia entre Europa,..."}

La primera convocatoria de candidaturas para el Programa Erasmus Mundus «TEAM» se lanzó el 10 de noviembre de 2014. Consulta las ofertas académicas y las instrucciones sobre presentación de solicitudes en el sitio web de TEAM. IMDEA Networks participa en el Programa Erasmus Mundus «TEAM». Esta iniciativa pretende generar una red de excelencia entre Europa,...
